{"id":637,"date":"2018-04-29T05:28:35","date_gmt":"2018-04-29T05:28:35","guid":{"rendered":"http:\/\/fortempack.hu\/?page_id=637"},"modified":"2018-05-14T09:29:16","modified_gmt":"2018-05-14T09:29:16","slug":"gdpr","status":"publish","type":"page","link":"http:\/\/fortempack.hu\/?page_id=637","title":{"rendered":"GDPR"},"content":{"rendered":"<p><strong><u>Kedves Partnereink,<\/u><\/strong><\/p>\n<p>Felh\u00edvjuk figyelm\u00fcket az adatkezel\u00e9ssel kapcsolatos v\u00e1ltoz\u00e1sokra: Eur\u00f3pai Uni\u00f3s szab\u00e1lyoz\u00e1s k\u00f6vetkezt\u00e9ben 2018. m\u00e1jus 25-t\u0151l m\u00f3dosulnak a mag\u00e1nszem\u00e9lyekre vonatkoz\u00f3 adatkezel\u00e9si folyamatok. Ezek a v\u00e1ltoz\u00e1sok az \u00d6n\u00f6k adatainak v\u00e9delm\u00e9t szolg\u00e1lj\u00e1k, ami nek\u00fcnk, a Fortem Pack Kft-nek kiemelten fontos, hiszen az \u00d6n\u00f6k el\u00e9gedetts\u00e9ge, adatainak biztons\u00e1ga a t\u00e9t.<\/p>\n<p>K\u00e9rj\u00fck, hogy nyilatkozat\u00e1val seg\u00edtse munk\u00e1nkat az \u00d6n gyors \u00e9s pontos kiszolg\u00e1l\u00e1sa \u00e9rdek\u00e9ben. Amennyiben nem j\u00e1rul hozz\u00e1 adatainak a Fortem Pack Kft. \u00e1ltali kezel\u00e9s\u00e9re, \u00fagy minden egyes v\u00e1s\u00e1rl\u00e1s vagy \u00fcgyf\u00e9lszolg\u00e1lati folyamat sor\u00e1n \u00fajra \u00e9s \u00fajra k\u00e9rn\u00fcnk kell telefonsz\u00e1m\u00e1t \u00e9s e-mail c\u00edm\u00e9t, melyek a kisz\u00e1ll\u00edt\u00e1s \u00e9s az esetlegesen felmer\u00fclt k\u00e9rd\u00e9sek megv\u00e1laszol\u00e1sa sor\u00e1n sz\u00fcks\u00e9gesek, ugyanis az \u00faj rendelkez\u00e9s szerint ezek az adatok nem t\u00e1rolhat\u00f3k az adat tulajdonos\u00e1nak beleegyez\u00e9se n\u00e9lk\u00fcl. Nyilatkozata n\u00e9lk\u00fcl az adatait a sikeres sz\u00e1ll\u00edt\u00e1st k\u00f6vet\u0151en k\u00f6telez\u0151 jelleggel ki kell t\u00f6r\u00f6ln\u00fcnk a rendszer\u00fcnkb\u0151l.<\/p>\n<p>A GDPR elfogad\u00e1s\u00e1val hozz\u00e1j\u00e1rul ahhoz, hogy a Fortem Pack Kft. a megadott el\u00e9rhet\u0151s\u00e9geire a v\u00e1s\u00e1rl\u00e1s\u00e1r\u00f3l, a term\u00e9k(ek) sz\u00e1ll\u00edt\u00e1s\u00e1r\u00f3l, hasznos term\u00e9k inform\u00e1ci\u00f3kr\u00f3l \u00e9rtes\u00edt\u00e9st k\u00fcldj\u00f6n.<\/p>\n<p>&nbsp;<\/p>\n<p><strong><u>Adatkezel\u00e9si t\u00e1j\u00e9koztat\u00f3:<\/u><\/strong><\/p>\n<p>A Fortem Pack Kft. (1164 Budapest, T\u00f3k\u00f6z utca 64., c\u00e9gjegyz\u00e9ksz\u00e1m: 01-09-951789, email: rendeles@fortempack.hu, tel: 06-30\/242-5868), mint adatkezel\u0151 (a tov\u00e1bbiakban: Fortem Pack) a partnereit (a tov\u00e1bbiakban: Partnerek) az inform\u00e1ci\u00f3s \u00f6nrendelkez\u00e9si jogr\u00f3l \u00e9s az inform\u00e1ci\u00f3szabads\u00e1gr\u00f3l sz\u00f3l\u00f3 2011. \u00e9vi CXII t\u00f6rv\u00e9ny \u00e9s a 2016\/679\/EU rendelet (\u00e1ltal\u00e1nos adatv\u00e9delmi rendelet) szerint a szem\u00e9lyes adataik kezel\u00e9s\u00e9r\u0151l \u00e9s felhaszn\u00e1l\u00e1s\u00e1r\u00f3l (a tov\u00e1bbiakban egy\u00fcttesen: Adatkezel\u00e9sek) az al\u00e1bbiak szerint t\u00e1j\u00e9koztatja.<\/p>\n<p>A Fortem Pack a jelen t\u00e1j\u00e9koztat\u00f3 szerinti Adatkezel\u00e9st a Nemzeti Adatv\u00e9delmi \u00e9s Inform\u00e1ci\u00f3szabads\u00e1g Hat\u00f3s\u00e1g (NAIH) \u00e1ltal 2018. m\u00e1jus 25-ig vezetett Adatv\u00e9delmi Nyilv\u00e1ntart\u00e1sba bejelentette, \u00e9s a nyilv\u00e1ntart\u00e1s sz\u00e1ma: NAIH-129338\/2017. A Fortem Pack \u00e1ltal kezelt Adatokhoz a Fortem Pack munkav\u00e1llal\u00f3i \u00e9s a Fortem Pack \u00e1ltal egy\u00e9b jogviszony alapj\u00e1n foglalkoztatott szem\u00e9lyek f\u00e9rhetnek hozz\u00e1, akiknek ez a munka\u2013 vagy egy\u00e9b szerz\u0151d\u00e9s\u00fckb\u0151l az ir\u00e1nyad\u00f3 jogszab\u00e1lyokb\u00f3l, a Fortem Packn\u00e1l ir\u00e1nyad\u00f3 c\u00e9ges szab\u00e1lyoz\u00e1sb\u00f3l fakad\u00f3 k\u00f6telezetts\u00e9geik teljes\u00edt\u00e9s\u00e9hez sz\u00fcks\u00e9gesek. Az adatszolg\u00e1ltat\u00e1s \u00f6nk\u00e9ntes, \u00e9s az Adatkezel\u00e9sek jogalapja az egyes adatkezel\u00e9sek tekintet\u00e9ben a partnerek \u00e1ltal megadhat\u00f3 el\u0151zetes \u00e9s kifejezett hozz\u00e1j\u00e1rul\u00e1suk. A partnerek a jelen adatlapon megadott hozz\u00e1j\u00e1rul\u00e1sukat b\u00e1rmikor visszavonhatj\u00e1k a fenti el\u00e9rhet\u0151s\u00e9gek b\u00e1rmelyik\u00e9n. Egy hozz\u00e1j\u00e1rul\u00e1s visszavon\u00e1sa a visszavon\u00e1s el\u0151tt a hozz\u00e1j\u00e1rul\u00e1s alapj\u00e1n v\u00e9gzett adatkezel\u00e9s jogszer\u0171s\u00e9g\u00e9t nem \u00e9rinti. Az adatokat a Fortem Pack az adminisztr\u00e1ci\u00f3, vev\u0151szolg\u00e1lat \u00e9s a vev\u0151 azonos\u00edt\u00e1sa \u00e9s t\u00e1j\u00e9koztat\u00e1sa c\u00e9lj\u00e1b\u00f3l kezeli. A Fortem Pack a partnerek \u00e1ltal megadott szem\u00e9lyes adataikat az adatkezel\u00e9si c\u00e9l megsz\u0171n\u00e9s\u00e9ig, vagy az \u00e9rintettek adott hozz\u00e1j\u00e1rul\u00e1s\u00e1nak visszavon\u00e1s\u00e1ig kezeli (att\u00f3l f\u00fcgg\u0151en, hogy melyik a kor\u00e1bbi) \u00e9s ezt k\u00f6vet\u0151en az adatok t\u00f6rl\u00e9s\u00e9re ker\u00fcl sor. A Partnerek az Adatkezel\u0151t\u0151l b\u00e1rmikor t\u00e1j\u00e9koztat\u00e1st k\u00e9rhetnek, k\u00e9relmezhetik a r\u00e1juk vonatkoz\u00f3 adatokhoz val\u00f3 hozz\u00e1f\u00e9r\u00e9st, k\u00e9rhetik adataik helyesb\u00edt\u00e9s\u00e9t, k\u00e9rhetik az adatkezel\u00e9s korl\u00e1toz\u00e1s\u00e1t, illetve gyakorolhatj\u00e1k az adathordozhat\u00f3s\u00e1ghoz val\u00f3 jogukat is.<\/p>\n<p>Az Adatkezel\u0151 el\u00e9rhet\u0151s\u00e9gei: Fortem Pack Kft., 1164 Budapest, T\u00f3k\u00f6z utca 64., rendeles@fortempack.hu, tel: 06-30\/242-5868. A Partnerek jogi s\u00e9relme eset\u00e9n c\u00e9lszer\u0171 egyeztet\u00e9st kezdem\u00e9nyeznie a Fortem Packkal, \u00e9s amennyiben ez nem vezet eredm\u00e9nyre, vagy a Partner ezt nem k\u00edv\u00e1nja, jogosult b\u00edr\u00f3s\u00e1ghoz, vagy panasszal a NAIH-hoz fordulnia. B\u00edr\u00f3s\u00e1gi elj\u00e1r\u00e1s kezdem\u00e9nyez\u00e9se eset\u00e9n a b\u00edr\u00f3s\u00e1g soron k\u00edv\u00fcl j\u00e1r el, \u00e9s a r\u00e9sztvev\u0151 d\u00f6nthet \u00fagy, hogy a pert a lak\u00f3helye vagy tart\u00f3zkod\u00e1si helye szerinti t\u00f6rv\u00e9nysz\u00e9k el\u0151tt ind\u00edtja meg. A NAIH el\u00e9rhet\u0151s\u00e9gei: 1125 Budapest, Szil\u00e1gyi Erzs\u00e9bet fasor 22\/C., telefonsz\u00e1m: +36\/1-3911-400, e-mail: ugyfelszolgalat@naih.hu, honlap: naih.hu. A Fortem Pack az egyes visszavon\u00e1sok feldolgoz\u00e1s\u00e1t \u2013 technikai okok miatt \u2013 30 (harminc) napos \u00e1tfut\u00e1si id\u0151vel tudja v\u00e1llalni. Az Adatkezel\u00e9ssel kapcsolatos tov\u00e1bbi inform\u00e1ci\u00f3k k\u00f6zz\u00e9t\u00e9tele a webshop (<a href=\"http:\/\/www.fortempack.hu\">www.fortempack.hu<\/a>) oldalon t\u00f6rt\u00e9nik.<\/p>\n","protected":false},"excerpt":{"rendered":"<p>Kedves Partnereink, Felh\u00edvjuk figyelm\u00fcket az adatkezel\u00e9ssel kapcsolatos v\u00e1ltoz\u00e1sokra: Eur\u00f3pai Uni\u00f3s szab\u00e1lyoz\u00e1s k\u00f6vetkezt\u00e9ben 2018. m\u00e1jus 25-t\u0151l m\u00f3dosulnak a mag\u00e1nszem\u00e9lyekre vonatkoz\u00f3 adatkezel\u00e9si folyamatok. Ezek a v\u00e1ltoz\u00e1sok az \u00d6n\u00f6k adatainak v\u00e9delm\u00e9t szolg\u00e1lj\u00e1k, ami nek\u00fcnk, a Fortem Pack Kft-nek kiemelten fontos, hiszen az \u00d6n\u00f6k el\u00e9gedetts\u00e9ge, adatainak biztons\u00e1ga a t\u00e9t. K\u00e9rj\u00fck, hogy nyilatkozat\u00e1val seg\u00edtse munk\u00e1nkat az \u00d6n gyors \u00e9s pontos <a class=\"read-more\" href=\"http:\/\/fortempack.hu\/?page_id=637\">Tov\u00e1bb olvasom&#8230;<\/a><\/p>\n","protected":false},"author":1,"featured_media":0,"parent":4,"menu_order":0,"comment_status":"closed","ping_status":"closed","template":"template-full-width.php","meta":[],"yoast_head":"<!-- This site is optimized with the Yoast SEO plugin v19.6 - https:\/\/yoast.com\/wordpress\/plugins\/seo\/ -->\n<title>GDPR - Fortempack web\u00e1ruh\u00e1z<\/title>\n<meta name=\"robots\" content=\"index, follow, max-snippet:-1, max-image-preview:large, max-video-preview:-1\" \/>\n<link rel=\"canonical\" href=\"http:\/\/fortempack.hu\/?page_id=637\" \/>\n<meta property=\"og:locale\" content=\"hu_HU\" \/>\n<meta property=\"og:type\" content=\"article\" \/>\n<meta property=\"og:title\" content=\"GDPR - Fortempack web\u00e1ruh\u00e1z\" \/>\n<meta property=\"og:description\" content=\"Kedves Partnereink, Felh\u00edvjuk figyelm\u00fcket az adatkezel\u00e9ssel kapcsolatos v\u00e1ltoz\u00e1sokra: Eur\u00f3pai Uni\u00f3s szab\u00e1lyoz\u00e1s k\u00f6vetkezt\u00e9ben 2018. m\u00e1jus 25-t\u0151l m\u00f3dosulnak a mag\u00e1nszem\u00e9lyekre vonatkoz\u00f3 adatkezel\u00e9si folyamatok. Ezek a v\u00e1ltoz\u00e1sok az \u00d6n\u00f6k adatainak v\u00e9delm\u00e9t szolg\u00e1lj\u00e1k, ami nek\u00fcnk, a Fortem Pack Kft-nek kiemelten fontos, hiszen az \u00d6n\u00f6k el\u00e9gedetts\u00e9ge, adatainak biztons\u00e1ga a t\u00e9t. K\u00e9rj\u00fck, hogy nyilatkozat\u00e1val seg\u00edtse munk\u00e1nkat az \u00d6n gyors \u00e9s pontos Tov\u00e1bb olvasom...\" \/>\n<meta property=\"og:url\" content=\"http:\/\/fortempack.hu\/?page_id=637\" \/>\n<meta property=\"og:site_name\" content=\"Fortempack web\u00e1ruh\u00e1z\" \/>\n<meta property=\"article:modified_time\" content=\"2018-05-14T09:29:16+00:00\" \/>\n<meta name=\"twitter:card\" content=\"summary_large_image\" \/>\n<meta name=\"twitter:label1\" content=\"Becs\u00fclt olvas\u00e1si id\u0151\" \/>\n\t<meta name=\"twitter:data1\" content=\"4 perc\" \/>\n<script type=\"application\/ld+json\" class=\"yoast-schema-graph\">{\"@context\":\"https:\/\/schema.org\",\"@graph\":[{\"@type\":\"WebPage\",\"@id\":\"http:\/\/fortempack.hu\/?page_id=637\",\"url\":\"http:\/\/fortempack.hu\/?page_id=637\",\"name\":\"GDPR - Fortempack web\u00e1ruh\u00e1z\",\"isPartOf\":{\"@id\":\"https:\/\/fortempack.hu\/#website\"},\"datePublished\":\"2018-04-29T05:28:35+00:00\",\"dateModified\":\"2018-05-14T09:29:16+00:00\",\"breadcrumb\":{\"@id\":\"http:\/\/fortempack.hu\/?page_id=637#breadcrumb\"},\"inLanguage\":\"hu\",\"potentialAction\":[{\"@type\":\"ReadAction\",\"target\":[\"http:\/\/fortempack.hu\/?page_id=637\"]}]},{\"@type\":\"BreadcrumbList\",\"@id\":\"http:\/\/fortempack.hu\/?page_id=637#breadcrumb\",\"itemListElement\":[{\"@type\":\"ListItem\",\"position\":1,\"name\":\"Home\",\"item\":\"https:\/\/fortempack.hu\/\"},{\"@type\":\"ListItem\",\"position\":2,\"name\":\"Web\u00e1ruh\u00e1z\",\"item\":\"http:\/\/fortempack.hu\/?page_id=4\"},{\"@type\":\"ListItem\",\"position\":3,\"name\":\"GDPR\"}]},{\"@type\":\"WebSite\",\"@id\":\"https:\/\/fortempack.hu\/#website\",\"url\":\"https:\/\/fortempack.hu\/\",\"name\":\"Fortempack web\u00e1ruh\u00e1z\",\"description\":\"Teljesk\u00f6r\u0171 ell\u00e1t\u00e1sban FORTEM!\",\"publisher\":{\"@id\":\"https:\/\/fortempack.hu\/#organization\"},\"potentialAction\":[{\"@type\":\"SearchAction\",\"target\":{\"@type\":\"EntryPoint\",\"urlTemplate\":\"https:\/\/fortempack.hu\/?s={search_term_string}\"},\"query-input\":\"required name=search_term_string\"}],\"inLanguage\":\"hu\"},{\"@type\":\"Organization\",\"@id\":\"https:\/\/fortempack.hu\/#organization\",\"name\":\"Fortempack web\u00e1ruh\u00e1z\",\"url\":\"https:\/\/fortempack.hu\/\",\"sameAs\":[],\"logo\":{\"@type\":\"ImageObject\",\"inLanguage\":\"hu\",\"@id\":\"https:\/\/fortempack.hu\/#\/schema\/logo\/image\/\",\"url\":\"http:\/\/fortempack.hu\/wp-content\/uploads\/2021\/11\/cropped-Fortem-logo.png\",\"contentUrl\":\"http:\/\/fortempack.hu\/wp-content\/uploads\/2021\/11\/cropped-Fortem-logo.png\",\"width\":468,\"height\":143,\"caption\":\"Fortempack web\u00e1ruh\u00e1z\"},\"image\":{\"@id\":\"https:\/\/fortempack.hu\/#\/schema\/logo\/image\/\"}}]}<\/script>\n<!-- \/ Yoast SEO plugin. -->","yoast_head_json":{"title":"GDPR - Fortempack web\u00e1ruh\u00e1z","robots":{"index":"index","follow":"follow","max-snippet":"max-snippet:-1","max-image-preview":"max-image-preview:large","max-video-preview":"max-video-preview:-1"},"canonical":"http:\/\/fortempack.hu\/?page_id=637","og_locale":"hu_HU","og_type":"article","og_title":"GDPR - Fortempack web\u00e1ruh\u00e1z","og_description":"Kedves Partnereink, Felh\u00edvjuk figyelm\u00fcket az adatkezel\u00e9ssel kapcsolatos v\u00e1ltoz\u00e1sokra: Eur\u00f3pai Uni\u00f3s szab\u00e1lyoz\u00e1s k\u00f6vetkezt\u00e9ben 2018. m\u00e1jus 25-t\u0151l m\u00f3dosulnak a mag\u00e1nszem\u00e9lyekre vonatkoz\u00f3 adatkezel\u00e9si folyamatok. Ezek a v\u00e1ltoz\u00e1sok az \u00d6n\u00f6k adatainak v\u00e9delm\u00e9t szolg\u00e1lj\u00e1k, ami nek\u00fcnk, a Fortem Pack Kft-nek kiemelten fontos, hiszen az \u00d6n\u00f6k el\u00e9gedetts\u00e9ge, adatainak biztons\u00e1ga a t\u00e9t. K\u00e9rj\u00fck, hogy nyilatkozat\u00e1val seg\u00edtse munk\u00e1nkat az \u00d6n gyors \u00e9s pontos Tov\u00e1bb olvasom...","og_url":"http:\/\/fortempack.hu\/?page_id=637","og_site_name":"Fortempack web\u00e1ruh\u00e1z","article_modified_time":"2018-05-14T09:29:16+00:00","twitter_card":"summary_large_image","twitter_misc":{"Becs\u00fclt olvas\u00e1si id\u0151":"4 perc"},"schema":{"@context":"https:\/\/schema.org","@graph":[{"@type":"WebPage","@id":"http:\/\/fortempack.hu\/?page_id=637","url":"http:\/\/fortempack.hu\/?page_id=637","name":"GDPR - Fortempack web\u00e1ruh\u00e1z","isPartOf":{"@id":"https:\/\/fortempack.hu\/#website"},"datePublished":"2018-04-29T05:28:35+00:00","dateModified":"2018-05-14T09:29:16+00:00","breadcrumb":{"@id":"http:\/\/fortempack.hu\/?page_id=637#breadcrumb"},"inLanguage":"hu","potentialAction":[{"@type":"ReadAction","target":["http:\/\/fortempack.hu\/?page_id=637"]}]},{"@type":"BreadcrumbList","@id":"http:\/\/fortempack.hu\/?page_id=637#breadcrumb","itemListElement":[{"@type":"ListItem","position":1,"name":"Home","item":"https:\/\/fortempack.hu\/"},{"@type":"ListItem","position":2,"name":"Web\u00e1ruh\u00e1z","item":"http:\/\/fortempack.hu\/?page_id=4"},{"@type":"ListItem","position":3,"name":"GDPR"}]},{"@type":"WebSite","@id":"https:\/\/fortempack.hu\/#website","url":"https:\/\/fortempack.hu\/","name":"Fortempack web\u00e1ruh\u00e1z","description":"Teljesk\u00f6r\u0171 ell\u00e1t\u00e1sban FORTEM!","publisher":{"@id":"https:\/\/fortempack.hu\/#organization"},"potentialAction":[{"@type":"SearchAction","target":{"@type":"EntryPoint","urlTemplate":"https:\/\/fortempack.hu\/?s={search_term_string}"},"query-input":"required name=search_term_string"}],"inLanguage":"hu"},{"@type":"Organization","@id":"https:\/\/fortempack.hu\/#organization","name":"Fortempack web\u00e1ruh\u00e1z","url":"https:\/\/fortempack.hu\/","sameAs":[],"logo":{"@type":"ImageObject","inLanguage":"hu","@id":"https:\/\/fortempack.hu\/#\/schema\/logo\/image\/","url":"http:\/\/fortempack.hu\/wp-content\/uploads\/2021\/11\/cropped-Fortem-logo.png","contentUrl":"http:\/\/fortempack.hu\/wp-content\/uploads\/2021\/11\/cropped-Fortem-logo.png","width":468,"height":143,"caption":"Fortempack web\u00e1ruh\u00e1z"},"image":{"@id":"https:\/\/fortempack.hu\/#\/schema\/logo\/image\/"}}]}},"_links":{"self":[{"href":"http:\/\/fortempack.hu\/index.php?rest_route=\/wp\/v2\/pages\/637"}],"collection":[{"href":"http:\/\/fortempack.hu\/index.php?rest_route=\/wp\/v2\/pages"}],"about":[{"href":"http:\/\/fortempack.hu\/index.php?rest_route=\/wp\/v2\/types\/page"}],"author":[{"embeddable":true,"href":"http:\/\/fortempack.hu\/index.php?rest_route=\/wp\/v2\/users\/1"}],"replies":[{"embeddable":true,"href":"http:\/\/fortempack.hu\/index.php?rest_route=%2Fwp%2Fv2%2Fcomments&post=637"}],"version-history":[{"count":4,"href":"http:\/\/fortempack.hu\/index.php?rest_route=\/wp\/v2\/pages\/637\/revisions"}],"predecessor-version":[{"id":660,"href":"http:\/\/fortempack.hu\/index.php?rest_route=\/wp\/v2\/pages\/637\/revisions\/660"}],"up":[{"embeddable":true,"href":"http:\/\/fortempack.hu\/index.php?rest_route=\/wp\/v2\/pages\/4"}],"wp:attachment":[{"href":"http:\/\/fortempack.hu\/index.php?rest_route=%2Fwp%2Fv2%2Fmedia&parent=637"}],"curies":[{"name":"wp","href":"https:\/\/api.w.org\/{rel}","templated":true}]}}